 + 9*o**2/2 + 31*o - 12. Let r be k(-7). Let x(m) = -m + 40. What is the tens digit of x(r)?
2
Let p be 14/((2 - 2) + 1). Let l = 405 + -306. Let s = l + p. What is the hundreds digit of s?
1
Let x = -3749 + 7020. What is the units digit of x?
1
Let y(q) = q**3 - 14*q**2 + 22*q + 11. Let n be y(16). Let k = -619 + n. What is the units digit of k?
6
Suppose -4*f - 4*j = -9*j - 49753, 2*j + 37306 = 3*f. What is the ten thousands digit of f?
1
Let g be 7*((-80)/5 + 1). Let r = g + 90. Let z = r - -18. What is the units digit of z?
3
Let s(o) be the second derivative of -o**5/20 + 7*o**4/12 - 11*o**3/2 - 5*o**2/2 - 24*o - 5. What is the thousands digit of s(-9)?
1
Let z be 49226 - -28 - (0 + 4). Suppose 115*m - 90*m - z = 0. What is the thousands digit of m?
1
Let r be 196*4*(-5 + (-206)/(-32)). Suppose r + 208 = g. What is the hundreds digit of g?
3
Let y(j) = -j**3 - 11*j**2 + 13*j + 14. Suppose -5*p = 4*h + 28, 0 = 4*h - 6*h - 4*p - 8. Let d be y(h). What is the tens digit of (d/6 + 0)/((-3)/(-603))?
6
Let s(r) = 139*r + 11. Let t be s(-2). Let p = t + 508. What is the units digit of p?
1
Let w(k) = 2*k**3 - 89*k**2 - 26*k - 85. What is the units digit of w(49)?
0
Let q be 0/((-2)/4 - 15/(-6)). Let n(o) = 5*o**2 - 5*o - 150. Let s(t) = 11*t**2 - 11*t - 300. Let g(j) = -13*n(j) + 6*s(j). What is the tens digit of g(q)?
5
Let n(i) = -i**3 - 9*i**2 + 12*i + 25. Let d(j) = j**3 - 7*j**2 + 2*j + 14. Let z be d(6). Let m be n(z). Suppose m*x = 165 + 65. What is the units digit of x?
6
Suppose -4*g + 229112 = 4*y, -62*g + 5 = -63*g. What is the ten thousands digit of y?
5
Let f(b) = -b**3 - 4*b**2 + 9*b - 1. Let a be f(-7). Suppose j - a = 2*x + 210, -5*j = x - 1498. What is the units digit of j?
9
Suppose 1288 + 292 = -5*u. Let z = u - -550. What is the tens digit of z?
3
Let p = 325 - 227. Suppose 4*t - t = 2*h - p, 0 = -h - 3*t + 31. What is the units digit of h?
3
Let m be (2*409)/((-74)/(-222)). Suppose m = 4*z - a, z = a + 105 + 507. What is the tens digit of z?
1
Let t(m) = -61*m + 3. Let i(n) = -n - 15. Let q(y) = -5*y**2 + 3*y. Let f be q(2). Let b be i(f). What is the tens digit of t(b)?
6
Suppose 3*c - 19 = -4. Suppose -2*o = -c*j + 40, 8 = 2*j + o - 8. Suppose 0 = -9*x + j*x + 9. What is the units digit of x?
9
Suppose -5*d = 5*f + 35, -4*d - 4*f + 9*f - 19 = 0. Let a be (-2)/1 + d*(-4)/6. Suppose a*s = s - 3*g + 52, 5*s - 300 = -5*g. What is the units digit of s?
4
Let o = -152 - -154. Suppose b - 3 = 0, o*v - 5*v + 2106 = 4*b. What is the hundreds digit of v?
6
Suppose -x + 3*w = -16858, -3*w = -1 - 5. What is the tens digit of x?
6
Suppose 3*f + 16187 = -3*r + 112349, 3*r = -5*f + 96164. What is the ten thousands digit of r?
3
Suppose q + 20 = 21, -5*v + 187007 = -3*q. What is the hundreds digit of v?
4
Let h = -233 + 401. Let w be (-1)/(-5) + h/60. Suppose w*z - 131 = -20. What is the units digit of z?
7
Suppose -3*y = 6*v - 2*v - 47, 4*y - 54 = -v. Let p = 396 - 384. Suppose p*k + 179 = y*k. What is the tens digit of k?
7
Suppose -7*x + 2395 = -2*x. Let u = -235 + x. Suppose 2*v - 6*v + u = 0. What is the tens digit of v?
6
What is the tens digit of (5*(-4)/60)/(5/(-4335))?
8
Let w = 420 - 296. Let r = 42 + w. What is the units digit of r?
6
Let x = -17 + 14. Let f(a) = -a - 18*a + 3*a - 4*a - 2. What is the units digit of f(x)?
8
What is the thousands digit of (124/(6/3))/((-20)/(-1380))?
4
Suppose 3*d = 4*d - j, 0 = -5*j - 10. What is the tens digit of -9 + (-90)/(-10) + (-1142)/d?
7
Let r = -3977 - -5157. What is the thousands digit of r?
1
Suppose 0 = -4*t + 3*i + 43192, -t - 69*i + 10798 = -68*i. What is the thousands digit of t?
0
Suppose -23858 = 2*p - 4*p - 2*x, -5*p - 11*x = -59603. What is the hundreds digit of p?
9
Suppose 2*p - 7*p = -3*u + 4660, 4*u - 6165 = -3*p. Suppose 2*g - u = -4*c + 297, c = -3. What is the tens digit of g?
2
Let p(w) = -w**3 + 9*w**2 + w + 6. Let h be p(9). Suppose 28*r = 23*r + h. Let c(m) = m**3 + m**2. What is the tens digit of c(r)?
3
Suppose 3*g - 55 = 5. Let z(x) = -2*x**2 + 66*x - 12. What is the units digit of z(g)?
8
Let f(j) = j**3 - 39*j**2 + 71*j + 5. Let u be f(38). Suppose -5*b = -4*b - 4*n - u, 3*b - 3712 = -n. What is the hundreds digit of b?
2
Suppose 103*a = 93*a + 30. Suppose -a*g - c = -2228, g + 2*g + 2*c - 2233 = 0. What is the hundreds digit of g?
7
Let m(c) = 1939*c**2 - 105*c - 10. What is the ten thousands digit of m(-3)?
1
Let h(o) be the first derivative of -2*o + 3*o + 9 - 5*o + 12*o**2. What is the tens digit of h(2)?
4
Suppose -192435 + 599831 + 257606 = 26*a. What is the units digit of a?
7
What is the units digit of (9464/(-16) + -1)*-14?
5
Let l = 203 - -9475. What is the thousands digit of l?
9
What is the tens digit of (1552168/1414)/((-4)/(-14))?
4
Let i(r) be the second derivative of r**4/12 + 2*r**3 - r**2/2 + 404*r. Let u(m) = -m - 1. Let x be u(-5). What is the units digit of i(x)?
3
Let o = 20 - 28. Let g(n) = 80*n**2 + 8 - 7 + 8 - 3*n - 158*n**2 + 80*n**2. What is the hundreds digit of g(o)?
1
Let c = -36 - -98. Let i = -59 + c. Suppose -3*o - o = 3*h - 419, -i*h + 2*o + 407 = 0. What is the units digit of h?
7
Let n(q) = 2*q**2 + 6*q + 10. Let m be n(-5). Suppose 6*z - m = -4*z. Suppose 501 = 3*h - 3*l, 0 = -h + z*h + 2*l - 346. What is the hundreds digit of h?
1
Suppose -11*n = -5*n - 12. Suppose 0 = -n*f - 2*f + 3*i + 787, i + 785 = 4*f. What is the units digit of f?
6
Let l be 33 - 0 - 132/33. Suppose 934 + 3677 = l*g. What is the units digit of g?
9
Suppose 2*r = c + 11290, r + 3*c = 4*r - 16926. What is the hundreds digit of r?
6
Suppose -4*x + 9*x = 0. Suppose x*f + 152 = 2*f - 5*p, p = -4. Suppose -3*l + f + 195 = 0. What is the units digit of l?
7
Suppose -l + d - 554 = 0, 2*l + 2218 = -2*l + 3*d. Let h = l + 671. What is the hundreds digit of h?
1
Let z(q) = q**2 - 13. Let p(m) = m**2 - m - 12. Let h(n) = 4*p(n) - 3*z(n). Let u be h(7). What is the units digit of 358/u + (-2)/(-12)?
0
Suppose 3*a - t = 506, 540*a - 535*a = -2*t + 869. What is the units digit of a?
1
Suppose -102*r + 98*r + 134995 = -j, 3*r - 2*j = 101240. What is the hundreds digit of r?
7
Let o(p) = -5*p + 33. Let q(d) = 1. Let g(i) = o(i) + 2*q(i). Let a be g(-7). Let f = -25 + a. What is the units digit of f?
5
Let y = 251 + -242. Let c(j) = 5*j**2 + 7*j - 10. What is the tens digit of c(y)?
5
Let n(z) = 30*z + 290. Suppose 3*f - 18 - 18 = -2*w, 0 = -3*w - 4*f + 54. What is the tens digit of n(w)?
3
Let j(f) = f**3 - f**2 + f + 4. Let s be j(0). Suppose -7*w + 6 = -s*w. Suppose -w*b + 4*b - 142 = 0. What is the units digit of b?
1
What is the thousands digit of (97446/2 - 1) + (-1 - -8)?
8
Suppose 2*x = -3*x - 100. Suppose -20 = 53*m + 4*m - 77. What is the hundreds digit of (m - x/(-12))*-237?
1
Let f be -1 + (-2)/(-8) + (-121)/(-44). Suppose -f*q = -15*q + 4602. What is the tens digit of q?
5
Let u(o) = -2*o**2 - 17*o + 6563. What is the units digit of u(0)?
3
What is the thousands digit of 1*(-794)/3*(-26 - (-15)/(-6))?
7
Let f(z) be the first derivative of -z**4/4 - 2*z**3/3 - z**2/2 + 327*z - 49. What is the hundreds digit of f(0)?
3
Let o = 12002 - -1290. What is the hundreds digit of o?
2
Suppose -16*d + 44 = -5*d. Suppose d*x + 3 = -9. What is the units digit of (1 - 8/x)/((-11)/(-231))?
7
Let o(c) = -c**3 - 10*c**2 + c + 10. Let l be o(-10). Suppose r + 4*r + 315 = l. Let g = r - -107. What is the units digit of g?
4
Let q be 1/((-2)/(2 - -12)*-1). Let m(b) = -4*b + q + 85 + 0*b**2 + 2*b**2 + 3*b. What is the tens digit of m(0)?
9
Let p be (5/15)/((-3)/36) + 8. Suppose -r = -4*r, -p*v + 3*r = -820. What is the units digit of v?
5
Let a = 222 - 229. What is the tens digit of (a + 2)*(-8)/(48/114)?
9
Let n = 5932 + -4566. What is the tens digit of n?
6
Let i = 29724 + -3215. What is the hundreds digit of i?
5
Let v = -447 - -889. Let q = 952 + v. What is the thousands digit of q?
1
Suppose 11 = -2*l - 5*j + 5, -4*j = -3*l - 9. Let d be 5 + -8 - l*1. Suppose d = g + 3*g + k - 297, 72 = g + k. What is the tens digit of g?
7
Suppose 486*c = 485*c + 4, -2*a - 3*c = -28954. What is the thousands digit of a?
4
Let r(l) = 56*l**3 - 9*l**2 + 22*l - 183. What is the tens digit of r(6)?
2
Suppose 0 = 5*f - 9 - 11. Suppose -f*b = -6 + 26. What is the tens digit of ((-102)/5)/